13 + 40 - -15.
-24
What is 8 + (2 + 1 + (36 - 60) - 5)?
-18
9 + -5 - 3 - -14
15
37 - (56 + -36 - 11)
28
Calculate -3 - ((34 - 27) + (1 - (15 - -1))).
5
Calculate -4 + (5 - 4) + 7 + 5.
9
What is (-6 - (15 + -29)) + 10 + (2 - 11)?
9
Calculate -1 + (-35 - 1) + 4 + -44 + 49.
-28
Evaluate -33 - (-29 + 3) - -32.
25
Calculate (-1 + 4 - 3) + -4 + -2 + 5.
-1
What is the value of 2 + (5 - -2 - (1 - -3)) + 3?
8
What is -2 + -1 - (26 + -12 + -7) - 9?
-19
-9 + -1 + 27 + -33
-16
-9 - ((-14 - -4) + -10)
11
What is 1 + (16 + -8 - 3)?
6
What is the value of -5 + (-8 - (-8 + 5)) + 1?
-9
What is -19 + (-14 + (-1 - -7) - (-14 - -1))?
-14
6 - (12 + -6 + 10)
-10
What is 10 + (4 - (9 + -4))?
9
35 - (3 + 15) - 11
6
What is (24 - (-14 + 41)) + 1 + 1?
-1
Calculate 10 - (14 - (-19 + 11) - -13).
-25
Evaluate -13 + -37 + 53 + 8 + -3.
8
Calculate 28 - 36 - (-8 + 0 + -2).
2
What is (-9 - 3 - -9) + (3 + -1 - -16)?
15
What is (-1270 - -1291) + 1 + -14?
8
What is the value of 6 + 22 + -13 + -26?
-11
Evaluate (-5 - -6) + 7 - 13 - (-2 - 0).
-3
(-6 - -3) + -8 + 17
6
What is -2 + 0 + 2 + 3?
3
Evaluate (-79 - -89) + 0 + -7 - 8.
-5
(10 - 10) + -8 + (-2 - (-3 + 21))
-28
-43 + 14 - -24 - -6
1
What is 1 - (16 - 24) - (6 - -6)?
-3
What is the value of 33 + (2 - (0 + 19)) + 13?
29
58 + -57 + (-3 + 7 - 1) + -27
-23
26 + 19 + (20 - 67)
-2
What is (-2 - 14) + (-8 - -16) + -2?
-10
-2 + 1 + (-15 - (7 + -10 - 1))
-12
Calculate (-3 + -7 - -6) + -7.
-11
Evaluate (-56 - -4 - -26) + 12.
-14
What is 37 - (22 + -24 - -32)?
7
Evaluate (-5 - (-6 + -33)) + 15 + -14.
35
What is (1 - 9) + (-6 - (-17 + (-4 - -15)))?
-8
Evaluate (-497 - -479) + 0 + -1 + 9.
-10
Evaluate 1 - 19 - (11 - 5) - -15.
-9
Evaluate 145 + -175 + 16 + 1.
-13
Evaluate -35 + 1 + 6 + 11.
-17
Evaluate 118 + -107 - (-4 + 6).
9
What is (-1 + 13 - 1) + (-48 - -69) + -53?
-21
Calculate (-2 - 1) + -1 - (-60 - -60).
-4
What is -5 - (-7 + 30 + -23)?
-5
What is the value of 15 + 0 - (12 + -13 - -5 - 6)?
17
Calculate 24 + -19 - (12 - -12).
-19
What is the value of 7 + (0 + -12 - (-13 + 27 + -25))?
6
What is the value of 28 + 4 + 92 + -95?
29
What is the value of -7 + (3 - (0 + 11) - (-1 - -24))?
-38
Calculate -16 + 21 + -18 - (-2 + (2 - 2)).
-11
What is the value of 14 + -6 + -1 + (-4 - 8)?
-5
What is -18 + 35 + -14 - 9?
-6
Evaluate (14 - -5) + -11 + -12 - 10.
-14
What is (16 - ((6 - 10) + 10 + -8)) + 7?
25
What is (4 - -11) + -121 + 135?
29
What is -1 + -4 + 4 - (-5 - (3 + -8))?
-1
Calculate (-202 - -215) + -28 + 2.
-13
-15 - (-3 + 13 - 14)
-11
Calculate -10 + 1 - (-222 - -215).
-2
What is the value of -6 - -1 - -12 - 5 - 2?
0
Evaluate (-4 - -9) + 0 + 35 + -28.
12
What is the value of -6 + (0 - (-6 - 1) - 0) - 3?
-2
Evaluate 61 - 37 - 16 - (0 - (-1 - 27)).
-20
What is the value of -2 + -3 - (99 - 104)?
0
Calculate (-5 - -36) + -59 - ((-3 - 3) + 0).
-22
4 - 13 - (-1 - 4)
-4
Calculate -9 + (-1 - (-23 + 21)).
-8
-35 + 43 + (0 - 3) + 1
6
What is the value of (-4 - 1) + (-12 + 5 + 19 - 4)?
3
Calculate (6 - (3 + -6 + -3)) + -9.
3
Calculate -4 + 17 - (150 + -142).
5
Calculate -6 + 22 + -11 + 9.
14
What is 1 - (-36 - -29 - (2 + 0 + -2))?
8
What is 3 + (1 - 3 - -1) + 2?
4
What is 17 - (0 - (0 + 2) - (-32 + 37))?
24
-1 - -8 - (-93 - -106)
-6
What is -77 + 72 + (-2 - -8 - -2)?
3
Calculate 8 + (-1 - (-4 + -2) - (3 - 0)).
10
37 + -27 + -28 - -15
-3
Calculate -14 + -5 + -6 + 14 + 7 + -13.
-17
(-2 - -14) + -17 + 13 - (1 + 23)
-16
What is the value of -14 + (-82 + 134 - (13 + -3))?
28
Calculate 0 + 18 - (-9 - (-13 + -8 + 8)).
14
Evaluate -12 + 26 - 23 - 3 - 3.
-15
What is the value of (4 - (0 - -9)) + (-16 - -14) - 1?
-8
Calculate -9 + (-8 - -37) - (5 + -3 + 1).
17
What is 96 - 79 - (-13 - (-1 - (-2 - -2)))?
29
Evaluate (-11 + 16 - -4) + (3 - 4).
8
1 + -1 + -1 - (731 - 716)
-16
7 - ((-8 - 0) + (22 + -20 - 5))
18
Evaluate (27 - 14 - 20) + -5.
-12
Evaluate (-1 - 7) + (-20 + 31 - 14).
-11
What is 404 + -413 - (0 - -1 - 18)?
8
What is the value of -28 + 19 + -12 - -19?
-2
What is 3 + -18 - (4 - 21)?
2
-15 - (5 + -28 - -23)
-15
What is the value of (10 - (7 - -16)) + 24?
11
-13 + (14 - (1 + (-2 - -8)))
-6
4 - (2 - (0 - -7) - -15)
-6
What is the value of -16 - (-10 + -2) - -2?
-2
Calculate -12 - (-5 - -2) - (-11 + 12).
-10
What is (-14 + 10 - -6) + -2 + 10 + -6?
4
0 + -11 + -53 + 57
-7
What is 71 + -46 + (-13 - -9)?
21
Calculate (52 - 86) + 20 + 5.
-9
Evaluate (9 - 6) + (-33 + 18 - (-7 + 3)).
-8
What is the value of (-7 - -9) + 7 + 20 + -19 + 27?
37
What is the value of -16 + (2 - -11) + 0 + -1 + 15?
11
What is the value of ((21 - 59) + 76 - (0 - 8)) + -10?
36
Evaluate (-1 + 1 + -2 - (-2 - 5)) + 8.
13
What is (20 - 3) + 10 + -26?
1
What is the value of 3 + (17 + -24 - -4) + (-18 - 1)?
-19
Evaluate 4 + -15 + -7 + 10.
-8
What is -2 + -3 - 4 - -1 - 4?
-12
Evaluate -59 - ((-100 - -33) + 31).
-23
Calculate -478 + 487 + 15 + 0.
24
What is the value of 5 + 0 + -6 + 1?
0
13 - (-13 - -16) - -17
27
Calculate -10 + 4 + (-21 - -11) + 10.
-6
Evaluate 14 + (-3 - 7) + (9 - 7 - -3).
9
6 + ((3 - (7 - -6)) + 4 - 11)
-11
Evaluate 8 + (-5 - (-7 + 0 - 9 - -3)).
16
What is the value of 19 + 30 + -22 + 13?
40
What is the value of -586 + 606 + -41 + -1?
-22
What is the value of (2 - 1) + (-1 - -4) + 1 + 8?
13
Calculate 7 + -5 + (4 - -3 - (25 - 24)).
8
What is the value of (-1 - (-12 - -6)) + -6 + 1?
0
Calculate -7 - (7 - -5) - (-7 - 4).
-8
What is the value of 8 - (3 - 0 - (24 - 17))?
12
Evaluate -7 - (-4 + 7 + -8 + (-3 - -13)).
-12
What is 4 + (-2 + 5 - (-20 - -16) - 15)?
-4
Calculate -5 + (2 - 1 - (2 - 1)) + -7.
-12
Calculate -8 - -3 - ((1 - -9) + (26 - 27)).
-14
What is (0 - -11) + -23 + -15 + 37?
10
What is (5 - (10 - 0 - 1)) + -1 + 0?
-5
Evaluate (10 + (-4 - 2) - 5) + -6.
-7
3 + (-9 - -5) + 4 - (-3 + 4)
2
What is 25 + (-25 - (0 + -2))?
2
Evaluate 7 - (4 + (9 - 10 - 7)).
11
What is -5 - -1 - (-19 + 7 + (12 - 12))?
8
What is the value of 0 + 28 + 850 + -870?
8
What is the value of (81 - 76) + (4 - (4 + -3))?
8
Calculate -11 - (9 - (11 + -8)).
-17
Calculate -9 + -23 - (-1 - 6).
-25
What is -10 - (-14 + (8 - 3))?
-1
Calculate 4 + -13 + 7 - -15.
13
Evaluate 1 + -53 + -29 + (-51 - -96).
-36
-2 + 8 - (-41 + 27)
20
Evaluate 9 + -7 + 18 + -5 - 8.
7
Calculate -5 + ((4 - 3) + 10 - -14).
20
-1 + 1 + -2 + (-28 - (-21 + 3))
-12
Evaluate (-183 - -160) + -2 + 25.
0
Calculate -11 - (-16 - -5 - 1).
1
277 + -293 - (-1 + -51)
36
Calculate 0 + 7 - (4 - (-2 - 0)) - -9.
10
Evaluate (-1 - 46) + 17 - (-12 + 2).
-20
Evaluate (80 - 91) + 27 + -1.
15
What is the value of (-33 - -2) + 310 + -287?
-8
-8 + 10 - ((1 - 6) + -1 - 0)
8
What is the value of -5 - (21 - (0 + 16))?
-10
(-9 + 10 - 12) + 9
-2
What is 14 + -6 - ((4 - -1) + -1 + 1)?
3
-18 - ((4 - -10) + (-12 - -7 - 1))
-26
-5 + 9 + 4 - (33 - 25)
0
What is (-1 + 0 - (28 + 0)) + (-61 - -69)?
-21
Calculate 8 - 3 - 8 - -15 - -10.
22
What is the value of (24 - (30 + -13)) + -17?
-10
Calculate 23 + 11 - 21 - 40.
-27
(-3 - -24) + -15 + (18 - 8)
16
Calculate -4 + 0 + -59 + 14 + 72.
23
What is the value of -30 - (-39 + 32 - -13)?
-36
Evaluate 7 - (-12 + 3 + 1 + 1 - -4).
10
143 + -126 + (2 - (0 - (-7 - 0)))
12
Calculate (-3 - 0 - 12) + (5 - (-2 + 4)).
-12
What is 6 + (8 - (-7 + -6 + 13))?
14
What is 2 + -1 + -3 - (-78 + 81)?
-5
-13 + 4 + ((2 - 16) + -2 - -8)
-17
Evaluate -97 + 103 + ((-15 - -1) + 1 - 0).
-7
1 - 2 - (-7 + 69 + -39)
-24
What is 8 - (13 - (20 + -11 - 3))?
1
What is the value of 67 + -14 + -22 + -30?
1
0 + -3 + -4 + 7 + 0
0
Calculate 5 + (-4 + -2 - 14) - (-13 - -7).
-9
What is -2 + 13 + 3 + 5 + 1?
20
What is the value of -14 + 18 + -11 - (1 + -11)?
3
(16 + -9 - ((-5 - 13) + 13)) + -2
10
Evaluate -23 + (36 - (-2 + 24)).
-9
Evaluate 23 + -3 + 7 + -35.
-8
Evaluate (2 - 11 - -3) + (48 - 46).
-4
Evaluate 10 + -80 + 69 + 1 + 0.
0
18 + -62 + 1 + 5 + -9 + 11
-36
What is (3 - ((-12 - -18) + 3)) + -25?
-31
What is (31 - 21) + 6 + -9?
7
(28 + -16 - 35) + 14
-9
-52 - -33 - -28 - 25
-16
Calculate -9 + 1 - (-24 + 27 - -1).
-12
Evaluate 1 + (-5 - 1) - (-13 + 30 - 23).
1
12 + (-14 - (11 + -37)) + -43
-19
Evaluate 21 + (20 - 45) + -14.
-18
What is the value of (2 - 7) + (-4 - (-3 - 4 - 6))?
4
Evaluate -11 + 14 + 25 + -12.
16
Calculate 28 - (-20 + 9 - 0 - -19).
20
Evaluate -330 - -331 - (0 - 1 - -4).
-2
What is 9 + 15 + -47 + 13?
-10
Calculate -22 + 5 + 23 - ((1 - 4) + 0)